e (1/2)/(2/24). Let c = 207 - 206. Suppose 2 = 2*n - 3*p + c, -5*n + 4*p = -6. What is the highest common factor of h and n?
2
Let i(r) = 65*r - 68. Let q(m) = 64*m - 63. Let u(f) = 6*i(f) - 5*q(f). Let j be u(2). Calculate the greatest common divisor of j and 141.
47
Let n(o) = -488*o + 1223. Let r be n(1). What is the highest common divisor of r and 30?
15
Suppose 3*p = -3*z + 18, z + 14 = -p + 5*z. Suppose 1 = p*f - 29. Suppose -5*y - f = 0, -a + 4 + 4 = -2*y. What is the highest common factor of 14 and a?
2
Suppose 2*u = 2*h - 2*u + 172, h + 5*u + 114 = 0. Let i = -76 - h. What is the highest common factor of i and 15?
3
Let l = -103990 + 104035. Let b(g) = -g**3 - 10*g**2 - 8*g + 9. Let z be b(-9). Suppose z = -o + 2 + 28. Calculate the highest common factor of o and l.
15
Let j(p) = p**3 + 14*p**2 - 40*p - 45. Let s be j(11). Calculate the highest common factor of 60 and s.
20
Let j be (-8)/10 + 3 + 2/(-10). Suppose -4*r - 3 = -19. Let g = -2 + r. What is the highest common divisor of g and j?
2
Suppose -h = -10*h + 18. Let s be ((-30)/25 + h)/((-3)/(-150)). Let o be (18 - 1) + s/(-8). Calculate the greatest common factor of o and 30.
6
Let z(h) = -h**3 + 11*h**2 - 2*h + 366. Let i be z(13). What is the highest common factor of 515 and i?
1
Let n = 50 + -45. Calculate the highest common factor of n and 1295.
5
Suppose 166*q - 74*q - 63204 = 0. Calculate the greatest common divisor of 7099 and q.
229
Let o(p) = 163*p**3 + 3*p**2 - 9*p - 2. Let z be o(2). Calculate the greatest common divisor of 405 and z.
81
Suppose 0 = 5*r - 273 - 1627. What is the highest common divisor of 60 and r?
20
Let j(d) = 446*d - 2916. Let i be j(15). Calculate the highest common divisor of i and 1554.
222
Let a(u) = u**3 - 6*u**2 - 15*u - 10. Let t be a(8). Let c = 5 + t. Suppose 5*d - 107 - c = 0. What is the greatest common factor of 44 and d?
22
Suppose 0 = 26*c - 385 + 47. Suppose 2*h - c = 5*v, -4*h + 5*v + 42 = 1. Calculate the highest common factor of h and 140.
14
Suppose 4*q - 4*y - 22 = 46, -121 = -3*q - 4*y. Let g be 0 + 431/1 - -1. What is the highest common factor of q and g?
27
Suppose 5*u - 5241 = -q + 4*q, 4*u + q - 4186 = 0. Suppose -2*k + 689 = -u. Calculate the highest common divisor of 31 and k.
31
Let s be (123 - (-15)/(-5))*(-4 - -5). Suppose -116*g = -s*g + 28. What is the highest common divisor of 3 and g?
1
Let g be 151*11 + -2 + (-6 - 14) + 13. What is the greatest common factor of g and 1357?
59
Let n be -2 - (220/(-6))/(-5)*-51. Suppose -3*d = -6*d + 9, -n = -3*v - 4*d. What is the greatest common factor of 48 and v?
24
Let d be 5*3/18 + 9/((-162)/(-3405)). What is the highest common factor of d and 608?
38
Let d = -66 + 112. Let m be (-1035)/(-2760)*(-1104)/(-1). Calculate the greatest common factor of d and m.
46
Suppose -84*k - 4245 + 11325 = -64*k. Calculate the greatest common divisor of 236 and k.
118
Suppose -2*q = 2*d + 3*q - 9, -q = 2*d - 21. Suppose 0*r + 5*r = d*r. Suppose 9*c + 2*c - 4664 = r. What is the highest common factor of c and 53?
53
Let z be (200230/56 - (-14)/(-49))/(270/1440). What is the highest common factor of 12 and z?
12
Let p = 7775 - 7771. What is the greatest common divisor of 68 and p?
4
Let n = -2249 + 461. Let y = n + 2514. What is the greatest common factor of 11 and y?
11
Suppose -4*r - 3*i + 19 = 0, -3*i + 2*i + 4 = r. Suppose -g + 2*s = -r, 2*s = g - 2*s - 13. What is the highest common divisor of 131 and g?
1
Let o = 142 - 72. Suppose 6*c + 318 = 3*b, b - 97 = c + 4*c. Calculate the greatest common factor of o and b.
14
Suppose -j + 4*j = 0. Suppose 4*o + 12 - 84 = j. Suppose 3*m = 4*f - 171, 2*f + 81 = 4*f - 3*m. What is the highest common factor of f and o?
9
Let r(m) = -m**3 - 19*m**2 - 6*m - 127. Let h be r(-22). Calculate the highest common factor of h and 423.
47
Let a be (-1)/1 + (4/(-2))/(-2). Suppose -416*j + 420*j - 360 = a. What is the greatest common divisor of j and 10?
10
Suppose 0 = 752*y - 693*y - 14278. Calculate the greatest common divisor of y and 1331.
121
Let r = 836 + 3428. What is the highest common factor of 52 and r?
52
Suppose -3 = -52*j + 51*j. Suppose -j*k = -2*o + 231, -2*o = 4*k + k - 239. Calculate the highest common divisor of 27 and o.
9
Suppose -5*m - 2 = -2*k, 2*k + 51*m = 46*m + 22. Let j be 122/5 - 2/5. What is the greatest common factor of k and j?
6
Let v = 7993 - 7969. Calculate the highest common divisor of v and 424.
8
Let a(m) = m**2 + 12*m - 160. Let o be a(-21). Suppose 6 = 5*y - 19, -82 = -3*u + y. What is the greatest common factor of u and o?
29
Let x = -2774 - -2842. Let q = 9 - 7. Suppose 2*c + q*c = 408. What is the greatest common divisor of c and x?
34
Let f(x) = 504*x - 6041. Let c be f(12). Calculate the greatest common divisor of 1981 and c.
7
Suppose 2*j + 4861 = 2*l - 1393, -6236 = -2*l - 4*j. Calculate the highest common factor of l and 71.
71
Suppose 6*s - 25 = s. Suppose -s*j - 340 = 2*r, 3*j + 0*j + 204 = -5*r. Let g = 100 + j. Calculate the highest common divisor of 4 and g.
4
Let t = -33637 + 33712. What is the greatest common factor of 8575 and t?
25
Suppose 4*i = -5*d + 6247, -3163 = -2*d - 5*i - 671. Calculate the highest common factor of d and 27.
9
Suppose -14*m + 34 - 60 = -110. Calculate the highest common divisor of m and 675.
3
Suppose u - 4*u + 75 = 0. Let s = u - 25. Suppose s = 6*r - 98 - 34. What is the greatest common factor of r and 2?
2
Suppose h - 3 = 0, 9*d - 7*h + 10*h - 72 = 0. What is the highest common divisor of 119 and d?
7
Let g(n) = 3*n**2 + 4*n + 3. Let u be g(6). Suppose 52*m = 76*m - 360. What is the highest common divisor of m and u?
15
Suppose 6*t = 11*t - 30. Suppose 7*h - 3*h + p - t = 0, -2*h = -2*p - 8. Suppose h*d - 33 = -13. What is the greatest common factor of 2 and d?
2
Let o = 1045 + 497. What is the highest common factor of 12 and o?
6
Let q = 710 - 711. Let t be (q/((-1)/11))/(11/33). Let o be (165/(-4))/3*-4. Calculate the greatest common factor of t and o.
11
Suppose -2*j - 2*n = -266, -5*n = -2*n - 21. What is the greatest common factor of j and 306?
18
Suppose -3*b = -4*b + 47. Suppose -5*t - 799 = -l, -3*l + 629*t + 2397 = 632*t. What is the highest common factor of l and b?
47
Suppose 52*o - 35112 - 167012 = 0. Calculate the greatest common factor of 46 and o.
23
Let i be 2/(-4) - 22/(-4). Suppose -62*c + 816 = -28*c. Suppose -5*a = -v - c, 206*a = 205*a + v + 4. Calculate the greatest common factor of a and i.
5
Suppose -100 = -3*l + l. Let u = 21655 - 21650. What is the highest common factor of u and l?
5
Let v = 2040 - 2001. Let t be ((-14)/3)/((-2)/15). Let k = -9 + t. Calculate the highest common factor of v and k.
13
Suppose -4*k + j = 9 - 3, 5*k + 9 = 2*j. Let i be 1764/(-6)*(k - 5). What is the greatest common factor of i and 18?
18
Suppose v + q - 2 = 0, 2*v - q - 28 = -3*v. Let s be (-152)/2*(36/8 - v). Calculate the highest common divisor of 19 and s.
19
Let i(k) = k**2 - 128*k + 2537. Let l be i(-114). What is the greatest common factor of 241 and l?
241
Suppose -45*z + 18 = -51*z. Let d be (-7 + 232 - (-1 + z)) + 3. What is the highest common divisor of 29 and d?
29
Suppose 18*p - 21*p - i = -8487, 0 = 4*p - 4*i - 11348. Calculate the greatest common divisor of 149 and p.
149
Let k(r) = 5*r + 50. Let j be k(-10). Let x be 2/10*30/(-18)*j. Suppose 0*l - 4*l = 0, x = f - 2*l - 88. Calculate the highest common divisor of f and 11.
11
Suppose 5*j - 162 = 258. Suppose 48 = 4*y - j. Suppose -35 + 70 = 20*d - 185. Calculate the highest common divisor of y and d.
11
Let m be (26 + -42)/((1 + -2)/7). Suppose 5*k = 5*r - 150, 2*r - 5*k = r + 22. Calculate the greatest common divisor of r and m.
16
Let u(i) = i - 17. Suppose -3*o = -4*w + 17, w - 2 = -o + 4. Let h be u(w). Let f(c) = -8*c - 19. Let d be f(h). What is the highest common factor of d and 11?
11
Suppose -4*c = -h + 146, -h + 2*c + 58 = -78. What is the highest common factor of 1278 and h?
18
Suppose 104*w - 99*w + 310 = s, w + 286 = s. Calculate the highest common divisor of s and 1160.
40
Let h(j) = j**3 - 86*j**2 + 37*j + 590. Let f be h(86). What is the greatest common factor of 276 and f?
92
Let s be 15/(-8) - (-6655)/968. Suppose 0 = 4*j - w + 115, 42 + 133 = -5*j - 5*w. Let i = j + 65. Calculate the greatest